{"id":3671,"date":"2023-06-16T07:42:01","date_gmt":"2023-06-16T07:42:01","guid":{"rendered":"https:\/\/informe-anual-2022.mutualmedica.com\/?page_id=3671"},"modified":"2023-06-21T14:12:19","modified_gmt":"2023-06-21T14:12:19","slug":"visio-missio-i-valors","status":"publish","type":"page","link":"https:\/\/informe-anual-2022.mutualmedica.com\/ca\/visio-missio-i-valors\/","title":{"rendered":"VISI\u00d3, MISSI\u00d3 I VALORS"},"content":{"rendered":"\n<div style=\"height:50px\" aria-hidden=\"true\" class=\"wp-block-spacer\"><\/div>\n\n\n\n<div class=\"wp-block-columns\">\n<div class=\"wp-block-column\">\n<h2>Visi\u00f3<\/h2>\n\n\n\n<p>Ser l\u2019entitat asseguradora de confian\u00e7a per a tots els metges.<\/p>\n\n\n\n<div style=\"height:50px\" aria-hidden=\"true\" class=\"wp-block-spacer\"><\/div>\n<\/div>\n\n\n\n<div class=\"wp-block-column\"><\/div>\n\n\n\n<div class=\"wp-block-column\">\n<h2>Missi\u00f3<\/h2>\n\n\n\n<p>Assegurar els metges perqu\u00e8 puguin exercir la seva professi\u00f3 amb tranquil\u00b7litat.<\/p>\n<\/div>\n<\/div>\n\n\n\n<div class=\"wp-block-columns\">\n<div class=\"wp-block-column\" style=\"flex-basis:33.33%\">\n<h2 class=\"no-margin\">Valors<\/h2>\n<\/div>\n\n\n\n<div class=\"wp-block-column\" style=\"flex-basis:66.66%\"><\/div>\n<\/div>\n\n\n\n<div class=\"wp-block-columns\">\n<div class=\"wp-block-column\">\n<h1 class=\"h1-mvv\" style=\"font-size:70px\">01.<\/h1>\n\n\n\n<h3 style=\"font-size:24px\">Efici\u00e8ncia<\/h3>\n\n\n\n<p>Innovem i optimitzem els recursos per obtenir els resultats esperats. Q\u00fcestionem el que s&#8217;estableix, valorem l&#8217;esfor\u00e7-efectivitat. Dissenyem nous processos per donar resposta \u00e0gil a les necessitats dels metges. Proposem, accelerem i escalem solucions d&#8217;impacte positiu.<\/p>\n<\/div>\n\n\n\n<div class=\"wp-block-column\">\n<h1 class=\"h1-mvv\" style=\"font-size:70px\">02.<\/h1>\n\n\n\n<h3 style=\"font-size:24px\">Responsabilitat<\/h3>\n\n\n\n<p>Donem el millor de nosaltres mateixos, mesurant l&#8217;impacte de les nostres accions i evolucionant per aportar cada dia m\u00e9s valor. Assumim objectius i compromisos i avaluem encerts i errors.<\/p>\n<\/div>\n\n\n\n<div class=\"wp-block-column\">\n<h1 class=\"h1-mvv\" style=\"font-size:70px\">03.<\/h1>\n\n\n\n<h3 style=\"font-size:24px\">Integritat<\/h3>\n\n\n\n<p>La nostra responsabilitat \u00e9s integrar el prop\u00f2sit a les nostres accions di\u00e0ries, per reflectir en els fets el que promovem amb les paraules. Constru\u00efm relacions s\u00f2lides, constructives en pro del talent individual i col\u00b7lectiu, impulsat per la cooperaci\u00f3.<\/p>\n<\/div>\n\n\n\n<div class=\"wp-block-column\">\n<h1 class=\"h1-mvv\" style=\"font-size:70px\">04.<\/h1>\n\n\n\n<h3 style=\"font-size:24px\">Comprom\u00eds<\/h3>\n\n\n\n<p>Amb la solidaritat per millorar la vida de metges, companys, societat i planeta. Amb els vincles amb els grups d&#8217;inter\u00e8s.<\/p>\n<\/div>\n<\/div>\n\n\n\n<div style=\"height:50px\" aria-hidden=\"true\" class=\"wp-block-spacer\"><\/div>\n","protected":false},"excerpt":{"rendered":"<p>Visi\u00f3 Ser l\u2019entitat asseguradora de confian\u00e7a per a tots els metges. Missi\u00f3 Assegurar els metges perqu\u00e8 puguin exercir la seva professi\u00f3 amb tranquil\u00b7litat. Valors 01. Efici\u00e8ncia Innovem i optimitzem els recursos per obtenir els resultats esperats. Q\u00fcestionem el que s&#8217;estableix, valorem l&#8217;esfor\u00e7-efectivitat. Dissenyem nous processos per donar resposta \u00e0gil a les necessitats dels metges. Proposem, [&hellip;]<\/p>\n","protected":false},"author":1,"featured_media":3423,"parent":0,"menu_order":0,"comment_status":"closed","ping_status":"closed","template":"","meta":{"_et_pb_use_builder":"","_et_pb_old_content":"","_et_gb_content_width":""},"_links":{"self":[{"href":"https:\/\/informe-anual-2022.mutualmedica.com\/wp-json\/wp\/v2\/pages\/3671"}],"collection":[{"href":"https:\/\/informe-anual-2022.mutualmedica.com\/wp-json\/wp\/v2\/pages"}],"about":[{"href":"https:\/\/informe-anual-2022.mutualmedica.com\/wp-json\/wp\/v2\/types\/page"}],"author":[{"embeddable":true,"href":"https:\/\/informe-anual-2022.mutualmedica.com\/wp-json\/wp\/v2\/users\/1"}],"replies":[{"embeddable":true,"href":"https:\/\/informe-anual-2022.mutualmedica.com\/wp-json\/wp\/v2\/comments?post=3671"}],"version-history":[{"count":2,"href":"https:\/\/informe-anual-2022.mutualmedica.com\/wp-json\/wp\/v2\/pages\/3671\/revisions"}],"predecessor-version":[{"id":3923,"href":"https:\/\/informe-anual-2022.mutualmedica.com\/wp-json\/wp\/v2\/pages\/3671\/revisions\/3923"}],"wp:featuredmedia":[{"embeddable":true,"href":"https:\/\/informe-anual-2022.mutualmedica.com\/wp-json\/wp\/v2\/media\/3423"}],"wp:attachment":[{"href":"https:\/\/informe-anual-2022.mutualmedica.com\/wp-json\/wp\/v2\/media?parent=3671"}],"curies":[{"name":"wp","href":"https:\/\/api.w.org\/{rel}","templated":true}]}}