{"id":3652,"date":"2023-06-15T16:03:28","date_gmt":"2023-06-15T16:03:28","guid":{"rendered":"https:\/\/informe-anual-2022.mutualmedica.com\/?page_id=3652"},"modified":"2023-06-22T15:22:47","modified_gmt":"2023-06-22T15:22:47","slug":"programa-conscienciarme-el-nostre-compromis-amb-la-societat-i-les-persones","status":"publish","type":"page","link":"https:\/\/informe-anual-2022.mutualmedica.com\/ca\/la-fundacio\/programa-conscienciarme-el-nostre-compromis-amb-la-societat-i-les-persones\/","title":{"rendered":"PROGRAMA CONSCIENCIAR(ME): el nostre comprom\u00eds amb la societat i les persones"},"content":{"rendered":"\n<div style=\"height:50px\" aria-hidden=\"true\" class=\"wp-block-spacer\"><\/div>\n\n\n\n<p>La ra\u00f3 de ser del Programa Conscienciar(Me) de la Fundaci\u00f3 Mutual M\u00e8dica \u00e9s reinvertir els recursos en el col\u00b7lectiu, per\u00f2 tamb\u00e9 en la societat en general.<\/p>\n\n\n\n<p>A trav\u00e9s del programa Conscienciar(Me) promovem 2 projectes:<\/p>\n\n\n\n<ul><li>Ajuda al metge amb falta de recursos.<\/li><li>Associaci\u00f3 per a la Vida Independent (AVI).<\/li><\/ul>\n\n\n\n<h4><strong>Ajuda al metge amb falta de recursos<\/strong><\/h4>\n\n\n\n<p>Des de fa 15 anys col\u00b7laborem amb la Fundaci\u00f3 \u00c1ngel Soler Daniel, que presta ajuda econ\u00f2mica a metges amb falta de mitjans econ\u00f2mics, problemes de salut o a\u00efllament familiar. Tamb\u00e9 contribu\u00efm a la conscienciaci\u00f3 social per fomentar la solidaritat entre el col\u00b7lectiu m\u00e8dic.<\/p>\n\n\n\n<h4><strong>Associaci\u00f3 per a la Vida Independent<\/strong><\/h4>\n\n\n\n<p>El Centre de Vida Independent (CVI) dona servei a persones grans amb depend\u00e8ncia o amb alguna discapacitat, utilitzant productes de suport i tecnologia, per millorar la seva qualitat de vida, cosa que facilita l&#8217;autonomia i la seguretat a la llar.<\/p>\n\n\n\n<p>El Centre de Vida Independent, creat per l&#8217;Associaci\u00f3 de Vida Independent (AVI) \u2014fundada per Mutuam i Mutual M\u00e8dica\u2014, \u00e9s un centre en el qual s&#8217;analitza de manera individualitzada quines s\u00f3n les dificultats que t\u00e9 cada persona per poder desenvolupar les activitats b\u00e0siques de la vida di\u00e0ria i se li donen solucions per poder superar-les.<\/p>\n\n\n\n<p>Altres activitats que desenvolupa l&#8217;AVI s\u00f3n de formaci\u00f3 a alumnes que cursen estudis en l&#8217;\u00e0rea dels serveis socials, xerrades en centres de gent gran, etc.<\/p>\n\n\n\n<p>Tamb\u00e9 col\u00b7labora en la validaci\u00f3 de projectes de recerca que tracten de buscar millores en l&#8217;\u00e0mbit de la teleassist\u00e8ncia, productes pensats per a la gent gran i altres serveis.<\/p>\n\n\n\n<p>A m\u00e9s, com a novetat, el setembre del 2021, la Fundaci\u00f3 Mutual M\u00e8dica va signar un acord amb el Centre de Vida Independent (CVI) per impulsar el programa d&#8217;Adaptaci\u00f3 Funcional de la Llar, amb la realitzaci\u00f3 de visites virtuals als habitatges de persones amb dificultats en la seva autonomia, amb la fi de detectar i proposar solucions individualitzades per a l&#8217;adaptaci\u00f3 funcional de l&#8217;habitatge, sense cap cost per als nostres mutualistes i familiars.<\/p>\n\n\n\n<p>Aquesta iniciativa es va mantenir durant el 2022.<\/p>\n\n\n\n<div style=\"height:50px\" aria-hidden=\"true\" class=\"wp-block-spacer\"><\/div>\n\n\n\n<div class=\"wp-block-columns custom-col-fundacion\">\n<div class=\"wp-block-column\">\n<div class=\"wp-block-cover custom-cover\" style=\"min-height:100px\"><span aria-hidden=\"true\" class=\"has-background-dim-0 wp-block-cover__gradient-background has-background-dim\"><\/span><img loading=\"lazy\" width=\"969\" height=\"744\" class=\"wp-block-cover__image-background wp-image-3011\" alt=\"\" src=\"https:\/\/informe-anual-2022.mutualmedica.com\/wp-content\/uploads\/2023\/05\/ImpulsarME_ES.jpg\" style=\"object-position:50% 50%\" data-object-fit=\"cover\" data-object-position=\"50% 50%\" srcset=\"https:\/\/informe-anual-2022.mutualmedica.com\/wp-content\/uploads\/2023\/05\/ImpulsarME_ES.jpg 969w, https:\/\/informe-anual-2022.mutualmedica.com\/wp-content\/uploads\/2023\/05\/ImpulsarME_ES-480x369.jpg 480w\" sizes=\"(min-width: 0px) and (max-width: 480px) 480px, (min-width: 481px) 969px, 100vw\" \/><div class=\"wp-block-cover__inner-container\">\n<figure class=\"wp-block-image size-full custom-image\"><a href=\"https:\/\/informe-anual-2022.mutualmedica.com\/ca\/la-fundacio\/programa-impulsarme-el-nostre-compromis-amb-la-formacio-i-la-investigacio-medica\/\"><img loading=\"lazy\" width=\"969\" height=\"744\" src=\"https:\/\/informe-anual-2022.mutualmedica.com\/wp-content\/uploads\/2023\/05\/ImpulsarME_Over_ES.jpg\" alt=\"\" class=\"wp-image-3064\" srcset=\"https:\/\/informe-anual-2022.mutualmedica.com\/wp-content\/uploads\/2023\/05\/ImpulsarME_Over_ES.jpg 969w, https:\/\/informe-anual-2022.mutualmedica.com\/wp-content\/uploads\/2023\/05\/ImpulsarME_Over_ES-480x369.jpg 480w\" sizes=\"(min-width: 0px) and (max-width: 480px) 480px, (min-width: 481px) 969px, 100vw\" \/><\/a><\/figure>\n<\/div><\/div>\n\n\n\n<div style=\"height:50px\" aria-hidden=\"true\" class=\"wp-block-spacer\"><\/div>\n<\/div>\n\n\n\n<div class=\"wp-block-column\">\n<div class=\"wp-block-cover custom-cover\" style=\"min-height:100px\"><span aria-hidden=\"true\" class=\"has-background-dim-0 wp-block-cover__gradient-background has-background-dim\"><\/span><img loading=\"lazy\" width=\"969\" height=\"744\" class=\"wp-block-cover__image-background wp-image-3083\" alt=\"\" src=\"https:\/\/informe-anual-2022.mutualmedica.com\/wp-content\/uploads\/2023\/05\/CuidarME_ES-1.jpg\" style=\"object-position:50% 50%\" data-object-fit=\"cover\" data-object-position=\"50% 50%\" srcset=\"https:\/\/informe-anual-2022.mutualmedica.com\/wp-content\/uploads\/2023\/05\/CuidarME_ES-1.jpg 969w, https:\/\/informe-anual-2022.mutualmedica.com\/wp-content\/uploads\/2023\/05\/CuidarME_ES-1-480x369.jpg 480w\" sizes=\"(min-width: 0px) and (max-width: 480px) 480px, (min-width: 481px) 969px, 100vw\" \/><div class=\"wp-block-cover__inner-container\">\n<figure class=\"wp-block-image size-full custom-image\"><a href=\"https:\/\/informe-anual-2022.mutualmedica.com\/ca\/la-fundacio\/programa-cuidarme-el-nostre-compromis-amb-la-salut-dels-metges\/\"><img loading=\"lazy\" width=\"969\" height=\"744\" src=\"https:\/\/informe-anual-2022.mutualmedica.com\/wp-content\/uploads\/2023\/05\/CuidarME_Over_ES.jpg\" alt=\"\" class=\"wp-image-3084\" srcset=\"https:\/\/informe-anual-2022.mutualmedica.com\/wp-content\/uploads\/2023\/05\/CuidarME_Over_ES.jpg 969w, https:\/\/informe-anual-2022.mutualmedica.com\/wp-content\/uploads\/2023\/05\/CuidarME_Over_ES-480x369.jpg 480w\" sizes=\"(min-width: 0px) and (max-width: 480px) 480px, (min-width: 481px) 969px, 100vw\" \/><\/a><\/figure>\n<\/div><\/div>\n\n\n\n<div style=\"height:50px\" aria-hidden=\"true\" class=\"wp-block-spacer\"><\/div>\n<\/div>\n\n\n\n<div class=\"wp-block-column\">\n<div class=\"wp-block-cover custom-cover\" style=\"min-height:100px\"><span aria-hidden=\"true\" class=\"has-background-dim-0 wp-block-cover__gradient-background has-background-dim\"><\/span><img loading=\"lazy\" width=\"969\" height=\"744\" class=\"wp-block-cover__image-background wp-image-4060\" alt=\"\" src=\"https:\/\/informe-anual-2022.mutualmedica.com\/wp-content\/uploads\/2023\/06\/ConcienciarME_CA.jpg\" style=\"object-position:50% 50%\" data-object-fit=\"cover\" data-object-position=\"50% 50%\" srcset=\"https:\/\/informe-anual-2022.mutualmedica.com\/wp-content\/uploads\/2023\/06\/ConcienciarME_CA.jpg 969w, https:\/\/informe-anual-2022.mutualmedica.com\/wp-content\/uploads\/2023\/06\/ConcienciarME_CA-480x369.jpg 480w\" sizes=\"(min-width: 0px) and (max-width: 480px) 480px, (min-width: 481px) 969px, 100vw\" \/><div class=\"wp-block-cover__inner-container\">\n<figure class=\"wp-block-image size-full custom-image\"><a href=\"https:\/\/informe-anual-2022.mutualmedica.com\/ca\/la-fundacio\/programa-conscienciarme-el-nostre-compromis-amb-la-societat-i-les-persones\/\"><img loading=\"lazy\" width=\"969\" height=\"744\" src=\"https:\/\/informe-anual-2022.mutualmedica.com\/wp-content\/uploads\/2023\/06\/ConcienciarME_Over_CA.jpg\" alt=\"\" class=\"wp-image-4059\" srcset=\"https:\/\/informe-anual-2022.mutualmedica.com\/wp-content\/uploads\/2023\/06\/ConcienciarME_Over_CA.jpg 969w, https:\/\/informe-anual-2022.mutualmedica.com\/wp-content\/uploads\/2023\/06\/ConcienciarME_Over_CA-480x369.jpg 480w\" sizes=\"(min-width: 0px) and (max-width: 480px) 480px, (min-width: 481px) 969px, 100vw\" \/><\/a><\/figure>\n<\/div><\/div>\n\n\n\n<div style=\"height:50px\" aria-hidden=\"true\" class=\"wp-block-spacer\"><\/div>\n<\/div>\n<\/div>\n\n\n\n<div style=\"height:50px\" aria-hidden=\"true\" class=\"wp-block-spacer\"><\/div>\n","protected":false},"excerpt":{"rendered":"<p>La ra\u00f3 de ser del Programa Conscienciar(Me) de la Fundaci\u00f3 Mutual M\u00e8dica \u00e9s reinvertir els recursos en el col\u00b7lectiu, per\u00f2 tamb\u00e9 en la societat en general. A trav\u00e9s del programa Conscienciar(Me) promovem 2 projectes: Ajuda al metge amb falta de recursos. Associaci\u00f3 per a la Vida Independent (AVI). Ajuda al metge amb falta de recursos [&hellip;]<\/p>\n","protected":false},"author":1,"featured_media":2905,"parent":3650,"menu_order":0,"comment_status":"closed","ping_status":"closed","template":"","meta":{"_et_pb_use_builder":"","_et_pb_old_content":"","_et_gb_content_width":""},"_links":{"self":[{"href":"https:\/\/informe-anual-2022.mutualmedica.com\/wp-json\/wp\/v2\/pages\/3652"}],"collection":[{"href":"https:\/\/informe-anual-2022.mutualmedica.com\/wp-json\/wp\/v2\/pages"}],"about":[{"href":"https:\/\/informe-anual-2022.mutualmedica.com\/wp-json\/wp\/v2\/types\/page"}],"author":[{"embeddable":true,"href":"https:\/\/informe-anual-2022.mutualmedica.com\/wp-json\/wp\/v2\/users\/1"}],"replies":[{"embeddable":true,"href":"https:\/\/informe-anual-2022.mutualmedica.com\/wp-json\/wp\/v2\/comments?post=3652"}],"version-history":[{"count":4,"href":"https:\/\/informe-anual-2022.mutualmedica.com\/wp-json\/wp\/v2\/pages\/3652\/revisions"}],"predecessor-version":[{"id":4045,"href":"https:\/\/informe-anual-2022.mutualmedica.com\/wp-json\/wp\/v2\/pages\/3652\/revisions\/4045"}],"up":[{"embeddable":true,"href":"https:\/\/informe-anual-2022.mutualmedica.com\/wp-json\/wp\/v2\/pages\/3650"}],"wp:featuredmedia":[{"embeddable":true,"href":"https:\/\/informe-anual-2022.mutualmedica.com\/wp-json\/wp\/v2\/media\/2905"}],"wp:attachment":[{"href":"https:\/\/informe-anual-2022.mutualmedica.com\/wp-json\/wp\/v2\/media?parent=3652"}],"curies":[{"name":"wp","href":"https:\/\/api.w.org\/{rel}","templated":true}]}}

PROGRAMA CONSCIENCIAR(ME): el nostre compromís amb la societat i les persones

<div style="height:50px" aria-hidden="true" class="wp-block-spacer"></div>



<p>La raó de ser del Programa Conscienciar(Me) de la Fundació Mutual Mèdica és reinvertir els recursos en el col·lectiu, però també en la societat en general.</p>



<p>A través del programa Conscienciar(Me) promovem 2 projectes:</p>



<ul><li>Ajuda al metge amb falta de recursos.</li><li>Associació per a la Vida Independent (AVI).</li></ul>



<h4><strong>Ajuda al metge amb falta de recursos</strong></h4>



<p>Des de fa 15 anys col·laborem amb la Fundació Ángel Soler Daniel, que presta ajuda econòmica a metges amb falta de mitjans econòmics, problemes de salut o aïllament familiar. També contribuïm a la conscienciació social per fomentar la solidaritat entre el col·lectiu mèdic.</p>



<h4><strong>Associació per a la Vida Independent</strong></h4>



<p>El Centre de Vida Independent (CVI) dona servei a persones grans amb dependència o amb alguna discapacitat, utilitzant productes de suport i tecnologia, per millorar la seva qualitat de vida, cosa que facilita l&#8217;autonomia i la seguretat a la llar.</p>



<p>El Centre de Vida Independent, creat per l&#8217;Associació de Vida Independent (AVI) —fundada per Mutuam i Mutual Mèdica—, és un centre en el qual s&#8217;analitza de manera individualitzada quines són les dificultats que té cada persona per poder desenvolupar les activitats bàsiques de la vida diària i se li donen solucions per poder superar-les.</p>



<p>Altres activitats que desenvolupa l&#8217;AVI són de formació a alumnes que cursen estudis en l&#8217;àrea dels serveis socials, xerrades en centres de gent gran, etc.</p>



<p>També col·labora en la validació de projectes de recerca que tracten de buscar millores en l&#8217;àmbit de la teleassistència, productes pensats per a la gent gran i altres serveis.</p>



<p>A més, com a novetat, el setembre del 2021, la Fundació Mutual Mèdica va signar un acord amb el Centre de Vida Independent (CVI) per impulsar el programa d&#8217;Adaptació Funcional de la Llar, amb la realització de visites virtuals als habitatges de persones amb dificultats en la seva autonomia, amb la fi de detectar i proposar solucions individualitzades per a l&#8217;adaptació funcional de l&#8217;habitatge, sense cap cost per als nostres mutualistes i familiars.</p>



<p>Aquesta iniciativa es va mantenir durant el 2022.</p>



<div style="height:50px" aria-hidden="true" class="wp-block-spacer"></div>



<div class="wp-block-columns custom-col-fundacion">
<div class="wp-block-column">
<div class="wp-block-cover custom-cover" style="min-height:100px"><span aria-hidden="true" class="has-background-dim-0 wp-block-cover__gradient-background has-background-dim"></span><img loading="lazy" width="969" height="744" class="wp-block-cover__image-background wp-image-3011" alt="" src="https://informe-anual-2022.mutualmedica.com/wp-content/uploads/2023/05/ImpulsarME_ES.jpg" style="object-position:50% 50%" data-object-fit="cover" data-object-position="50% 50%" srcset="https://informe-anual-2022.mutualmedica.com/wp-content/uploads/2023/05/ImpulsarME_ES.jpg 969w, https://informe-anual-2022.mutualmedica.com/wp-content/uploads/2023/05/ImpulsarME_ES-480x369.jpg 480w" sizes="(min-width: 0px) and (max-width: 480px) 480px, (min-width: 481px) 969px, 100vw" /><div class="wp-block-cover__inner-container">
<figure class="wp-block-image size-full custom-image"><a href="https://informe-anual-2022.mutualmedica.com/ca/la-fundacio/programa-impulsarme-el-nostre-compromis-amb-la-formacio-i-la-investigacio-medica/"><img loading="lazy" width="969" height="744" src="https://informe-anual-2022.mutualmedica.com/wp-content/uploads/2023/05/ImpulsarME_Over_ES.jpg" alt="" class="wp-image-3064" srcset="https://informe-anual-2022.mutualmedica.com/wp-content/uploads/2023/05/ImpulsarME_Over_ES.jpg 969w, https://informe-anual-2022.mutualmedica.com/wp-content/uploads/2023/05/ImpulsarME_Over_ES-480x369.jpg 480w" sizes="(min-width: 0px) and (max-width: 480px) 480px, (min-width: 481px) 969px, 100vw" /></a></figure>
</div></div>



<div style="height:50px" aria-hidden="true" class="wp-block-spacer"></div>
</div>



<div class="wp-block-column">
<div class="wp-block-cover custom-cover" style="min-height:100px"><span aria-hidden="true" class="has-background-dim-0 wp-block-cover__gradient-background has-background-dim"></span><img loading="lazy" width="969" height="744" class="wp-block-cover__image-background wp-image-3083" alt="" src="https://informe-anual-2022.mutualmedica.com/wp-content/uploads/2023/05/CuidarME_ES-1.jpg" style="object-position:50% 50%" data-object-fit="cover" data-object-position="50% 50%" srcset="https://informe-anual-2022.mutualmedica.com/wp-content/uploads/2023/05/CuidarME_ES-1.jpg 969w, https://informe-anual-2022.mutualmedica.com/wp-content/uploads/2023/05/CuidarME_ES-1-480x369.jpg 480w" sizes="(min-width: 0px) and (max-width: 480px) 480px, (min-width: 481px) 969px, 100vw" /><div class="wp-block-cover__inner-container">
<figure class="wp-block-image size-full custom-image"><a href="https://informe-anual-2022.mutualmedica.com/ca/la-fundacio/programa-cuidarme-el-nostre-compromis-amb-la-salut-dels-metges/"><img loading="lazy" width="969" height="744" src="https://informe-anual-2022.mutualmedica.com/wp-content/uploads/2023/05/CuidarME_Over_ES.jpg" alt="" class="wp-image-3084" srcset="https://informe-anual-2022.mutualmedica.com/wp-content/uploads/2023/05/CuidarME_Over_ES.jpg 969w, https://informe-anual-2022.mutualmedica.com/wp-content/uploads/2023/05/CuidarME_Over_ES-480x369.jpg 480w" sizes="(min-width: 0px) and (max-width: 480px) 480px, (min-width: 481px) 969px, 100vw" /></a></figure>
</div></div>



<div style="height:50px" aria-hidden="true" class="wp-block-spacer"></div>
</div>



<div class="wp-block-column">
<div class="wp-block-cover custom-cover" style="min-height:100px"><span aria-hidden="true" class="has-background-dim-0 wp-block-cover__gradient-background has-background-dim"></span><img loading="lazy" width="969" height="744" class="wp-block-cover__image-background wp-image-4060" alt="" src="https://informe-anual-2022.mutualmedica.com/wp-content/uploads/2023/06/ConcienciarME_CA.jpg" style="object-position:50% 50%" data-object-fit="cover" data-object-position="50% 50%" srcset="https://informe-anual-2022.mutualmedica.com/wp-content/uploads/2023/06/ConcienciarME_CA.jpg 969w, https://informe-anual-2022.mutualmedica.com/wp-content/uploads/2023/06/ConcienciarME_CA-480x369.jpg 480w" sizes="(min-width: 0px) and (max-width: 480px) 480px, (min-width: 481px) 969px, 100vw" /><div class="wp-block-cover__inner-container">
<figure class="wp-block-image size-full custom-image"><a href="https://informe-anual-2022.mutualmedica.com/ca/la-fundacio/programa-conscienciarme-el-nostre-compromis-amb-la-societat-i-les-persones/"><img loading="lazy" width="969" height="744" src="https://informe-anual-2022.mutualmedica.com/wp-content/uploads/2023/06/ConcienciarME_Over_CA.jpg" alt="" class="wp-image-4059" srcset="https://informe-anual-2022.mutualmedica.com/wp-content/uploads/2023/06/ConcienciarME_Over_CA.jpg 969w, https://informe-anual-2022.mutualmedica.com/wp-content/uploads/2023/06/ConcienciarME_Over_CA-480x369.jpg 480w" sizes="(min-width: 0px) and (max-width: 480px) 480px, (min-width: 481px) 969px, 100vw" /></a></figure>
</div></div>



<div style="height:50px" aria-hidden="true" class="wp-block-spacer"></div>
</div>
</div>



<div style="height:50px" aria-hidden="true" class="wp-block-spacer"></div>

<p>La raó de ser del Programa Conscienciar(Me) de la Fundació Mutual Mèdica és reinvertir els recursos en el col·lectiu, però també en la societat en general. A través del programa Conscienciar(Me) promovem 2 projectes: Ajuda al metge amb falta de recursos. Associació per a la Vida Independent (AVI). Ajuda al metge amb falta de recursos [&hellip;]</p>
