{"id":2739,"date":"2023-05-15T10:00:28","date_gmt":"2023-05-15T10:00:28","guid":{"rendered":"https:\/\/informe-anual-2022.mutualmedica.com\/?page_id=2739"},"modified":"2023-06-20T10:47:22","modified_gmt":"2023-06-20T10:47:22","slug":"programa-concienciarme-nuestro-compromiso-con-la-sociedad-y-las-personas","status":"publish","type":"page","link":"https:\/\/informe-anual-2022.mutualmedica.com\/es\/la-fundacion\/programa-concienciarme-nuestro-compromiso-con-la-sociedad-y-las-personas\/","title":{"rendered":"PROGRAMA CONCIENCIAR(ME): nuestro compromiso con la sociedad y las personas"},"content":{"rendered":"\n<div style=\"height:50px\" aria-hidden=\"true\" class=\"wp-block-spacer\"><\/div>\n\n\n\n<p>La raz\u00f3n de ser del Programa Concienciar(Me) de la Fundaci\u00f3n Mutual M\u00e9dica es reinvertir los recursos en el colectivo, pero tambi\u00e9n en la sociedad en general.<\/p>\n\n\n\n<p>A trav\u00e9s del programa Concienciar(Me) promovemos 2 proyectos:<\/p>\n\n\n\n<ul><li>Ayuda al m\u00e9dico con falta de recursos.<\/li><li>Asociaci\u00f3n para la Vida Independiente (AVI).<\/li><\/ul>\n\n\n\n<h4><strong>Ayuda al m\u00e9dico con falta de recursos<\/strong><\/h4>\n\n\n\n<p>Desde hace 15 a\u00f1os colaboramos con la Fundaci\u00f3n \u00c1ngel Soler Daniel, que presta ayuda econ\u00f3mica a m\u00e9dicos con falta de medios econ\u00f3micos, problemas de salud o aislamiento familiar. Tambi\u00e9n contribuimos a la <strong>concienciaci\u00f3n social<\/strong> para fomentar la solidaridad entre el colectivo m\u00e9dico.<\/p>\n\n\n\n<h4><strong>Asociaci\u00f3n para la Vida Independiente<\/strong><\/h4>\n\n\n\n<p>El Centro de Vida Independiente (CVI) presta servicio a personas mayores con dependencia o con alguna discapacidad, utilizando productos de apoyo y tecnolog\u00eda, para mejorar su calidad de vida, facilitando la autonom\u00eda y la seguridad en el hogar.<\/p>\n\n\n\n<p>El Centro de Vida Independiente, creado por la Asociaci\u00f3n de Vida Independiente (AVI) \u2014fundada por Mutuam y Mutual M\u00e9dica\u2014, es un centro en el cual se analiza de manera individualizada cu\u00e1les son las dificultades que tiene cada persona para poder desarrollar las actividades b\u00e1sicas de la vida diaria y se le dan soluciones para poder superarlas.<\/p>\n\n\n\n<p>Otras actividades que desarrolla la AVI son de formaci\u00f3n a alumnos que cursan estudios en el \u00e1rea de los servicios sociales, charlas en centros de gente mayor, etc.<\/p>\n\n\n\n<p>Tambi\u00e9n colabora en la validaci\u00f3n de proyectos de investigaci\u00f3n que tratan de buscar mejoras en el \u00e1mbito de la teleasistencia, productos pensados para la gente mayor y otros servicios.<\/p>\n\n\n\n<p>Adem\u00e1s, como novedad, en septiembre de 2021, la Fundaci\u00f3n Mutual M\u00e9dica firm\u00f3 un acuerdo con el Centro de Vida Independiente (CVI) para impulsar el programa de Adaptaci\u00f3n Funcional del Hogar, con la realizaci\u00f3n de visitas virtuales a las viviendas de personas con dificultades en su autonom\u00eda, con el fin de detectar y proponer soluciones individualizadas para la adaptaci\u00f3n funcional de la vivienda, sin coste alguno para nuestros mutualistas y familiares.<\/p>\n\n\n\n<p>Esta iniciativa se mantuvo durante 2022.<\/p>\n\n\n\n<div style=\"height:50px\" aria-hidden=\"true\" class=\"wp-block-spacer\"><\/div>\n\n\n\n<div class=\"wp-block-columns custom-col-fundacion\">\n<div class=\"wp-block-column\">\n<div class=\"wp-block-cover custom-cover\" style=\"min-height:100px\"><span aria-hidden=\"true\" class=\"has-background-dim-0 wp-block-cover__gradient-background has-background-dim\"><\/span><img loading=\"lazy\" width=\"969\" height=\"744\" class=\"wp-block-cover__image-background wp-image-3011\" alt=\"\" src=\"https:\/\/informe-anual-2022.mutualmedica.com\/wp-content\/uploads\/2023\/05\/ImpulsarME_ES.jpg\" style=\"object-position:50% 50%\" data-object-fit=\"cover\" data-object-position=\"50% 50%\" srcset=\"https:\/\/informe-anual-2022.mutualmedica.com\/wp-content\/uploads\/2023\/05\/ImpulsarME_ES.jpg 969w, https:\/\/informe-anual-2022.mutualmedica.com\/wp-content\/uploads\/2023\/05\/ImpulsarME_ES-480x369.jpg 480w\" sizes=\"(min-width: 0px) and (max-width: 480px) 480px, (min-width: 481px) 969px, 100vw\" \/><div class=\"wp-block-cover__inner-container\">\n<figure class=\"wp-block-image size-full custom-image\"><a href=\"https:\/\/informe-anual-2022.mutualmedica.com\/es\/la-fundacion\/programa-impulsarme\/\"><img loading=\"lazy\" width=\"969\" height=\"744\" src=\"https:\/\/informe-anual-2022.mutualmedica.com\/wp-content\/uploads\/2023\/05\/ImpulsarME_Over_ES.jpg\" alt=\"\" class=\"wp-image-3064\" srcset=\"https:\/\/informe-anual-2022.mutualmedica.com\/wp-content\/uploads\/2023\/05\/ImpulsarME_Over_ES.jpg 969w, https:\/\/informe-anual-2022.mutualmedica.com\/wp-content\/uploads\/2023\/05\/ImpulsarME_Over_ES-480x369.jpg 480w\" sizes=\"(min-width: 0px) and (max-width: 480px) 480px, (min-width: 481px) 969px, 100vw\" \/><\/a><\/figure>\n<\/div><\/div>\n\n\n\n<div style=\"height:50px\" aria-hidden=\"true\" class=\"wp-block-spacer\"><\/div>\n<\/div>\n\n\n\n<div class=\"wp-block-column\">\n<div class=\"wp-block-cover custom-cover\" style=\"min-height:100px\"><span aria-hidden=\"true\" class=\"has-background-dim-0 wp-block-cover__gradient-background has-background-dim\"><\/span><img loading=\"lazy\" width=\"969\" height=\"744\" class=\"wp-block-cover__image-background wp-image-3083\" alt=\"\" src=\"https:\/\/informe-anual-2022.mutualmedica.com\/wp-content\/uploads\/2023\/05\/CuidarME_ES-1.jpg\" style=\"object-position:50% 50%\" data-object-fit=\"cover\" data-object-position=\"50% 50%\" srcset=\"https:\/\/informe-anual-2022.mutualmedica.com\/wp-content\/uploads\/2023\/05\/CuidarME_ES-1.jpg 969w, https:\/\/informe-anual-2022.mutualmedica.com\/wp-content\/uploads\/2023\/05\/CuidarME_ES-1-480x369.jpg 480w\" sizes=\"(min-width: 0px) and (max-width: 480px) 480px, (min-width: 481px) 969px, 100vw\" \/><div class=\"wp-block-cover__inner-container\">\n<figure class=\"wp-block-image size-full custom-image\"><a href=\"https:\/\/informe-anual-2022.mutualmedica.com\/es\/la-fundacion\/programa-cuidarme-nuestro-compromiso-con-la-salud-de-los-medicos\/\"><img loading=\"lazy\" width=\"969\" height=\"744\" src=\"https:\/\/informe-anual-2022.mutualmedica.com\/wp-content\/uploads\/2023\/05\/CuidarME_Over_ES.jpg\" alt=\"\" class=\"wp-image-3084\" srcset=\"https:\/\/informe-anual-2022.mutualmedica.com\/wp-content\/uploads\/2023\/05\/CuidarME_Over_ES.jpg 969w, https:\/\/informe-anual-2022.mutualmedica.com\/wp-content\/uploads\/2023\/05\/CuidarME_Over_ES-480x369.jpg 480w\" sizes=\"(min-width: 0px) and (max-width: 480px) 480px, (min-width: 481px) 969px, 100vw\" \/><\/a><\/figure>\n<\/div><\/div>\n\n\n\n<div style=\"height:50px\" aria-hidden=\"true\" class=\"wp-block-spacer\"><\/div>\n<\/div>\n\n\n\n<div class=\"wp-block-column\">\n<div class=\"wp-block-cover custom-cover\" style=\"min-height:100px\"><span aria-hidden=\"true\" class=\"has-background-dim-0 wp-block-cover__gradient-background has-background-dim\"><\/span><img loading=\"lazy\" width=\"969\" height=\"744\" class=\"wp-block-cover__image-background wp-image-3014\" alt=\"\" src=\"https:\/\/informe-anual-2022.mutualmedica.com\/wp-content\/uploads\/2023\/05\/ConcienciarME_ES.jpg\" style=\"object-position:50% 50%\" data-object-fit=\"cover\" data-object-position=\"50% 50%\" srcset=\"https:\/\/informe-anual-2022.mutualmedica.com\/wp-content\/uploads\/2023\/05\/ConcienciarME_ES.jpg 969w, https:\/\/informe-anual-2022.mutualmedica.com\/wp-content\/uploads\/2023\/05\/ConcienciarME_ES-480x369.jpg 480w\" sizes=\"(min-width: 0px) and (max-width: 480px) 480px, (min-width: 481px) 969px, 100vw\" \/><div class=\"wp-block-cover__inner-container\">\n<figure class=\"wp-block-image size-full custom-image\"><a href=\"https:\/\/informe-anual-2022.mutualmedica.com\/es\/la-fundacion\/programa-concienciarme-nuestro-compromiso-con-la-sociedad-y-las-personas\/\"><img loading=\"lazy\" width=\"969\" height=\"744\" src=\"https:\/\/informe-anual-2022.mutualmedica.com\/wp-content\/uploads\/2023\/05\/ConcienciarME_Over_ES.jpg\" alt=\"\" class=\"wp-image-3085\" srcset=\"https:\/\/informe-anual-2022.mutualmedica.com\/wp-content\/uploads\/2023\/05\/ConcienciarME_Over_ES.jpg 969w, https:\/\/informe-anual-2022.mutualmedica.com\/wp-content\/uploads\/2023\/05\/ConcienciarME_Over_ES-480x369.jpg 480w\" sizes=\"(min-width: 0px) and (max-width: 480px) 480px, (min-width: 481px) 969px, 100vw\" \/><\/a><\/figure>\n<\/div><\/div>\n\n\n\n<div style=\"height:50px\" aria-hidden=\"true\" class=\"wp-block-spacer\"><\/div>\n<\/div>\n<\/div>\n\n\n\n<div style=\"height:50px\" aria-hidden=\"true\" class=\"wp-block-spacer\"><\/div>\n","protected":false},"excerpt":{"rendered":"<p>La raz\u00f3n de ser del Programa Concienciar(Me) de la Fundaci\u00f3n Mutual M\u00e9dica es reinvertir los recursos en el colectivo, pero tambi\u00e9n en la sociedad en general. A trav\u00e9s del programa Concienciar(Me) promovemos 2 proyectos: Ayuda al m\u00e9dico con falta de recursos. Asociaci\u00f3n para la Vida Independiente (AVI). Ayuda al m\u00e9dico con falta de recursos Desde [&hellip;]<\/p>\n","protected":false},"author":1,"featured_media":2905,"parent":2724,"menu_order":0,"comment_status":"closed","ping_status":"closed","template":"","meta":{"_et_pb_use_builder":"","_et_pb_old_content":"","_et_gb_content_width":""},"_links":{"self":[{"href":"https:\/\/informe-anual-2022.mutualmedica.com\/wp-json\/wp\/v2\/pages\/2739"}],"collection":[{"href":"https:\/\/informe-anual-2022.mutualmedica.com\/wp-json\/wp\/v2\/pages"}],"about":[{"href":"https:\/\/informe-anual-2022.mutualmedica.com\/wp-json\/wp\/v2\/types\/page"}],"author":[{"embeddable":true,"href":"https:\/\/informe-anual-2022.mutualmedica.com\/wp-json\/wp\/v2\/users\/1"}],"replies":[{"embeddable":true,"href":"https:\/\/informe-anual-2022.mutualmedica.com\/wp-json\/wp\/v2\/comments?post=2739"}],"version-history":[{"count":11,"href":"https:\/\/informe-anual-2022.mutualmedica.com\/wp-json\/wp\/v2\/pages\/2739\/revisions"}],"predecessor-version":[{"id":3792,"href":"https:\/\/informe-anual-2022.mutualmedica.com\/wp-json\/wp\/v2\/pages\/2739\/revisions\/3792"}],"up":[{"embeddable":true,"href":"https:\/\/informe-anual-2022.mutualmedica.com\/wp-json\/wp\/v2\/pages\/2724"}],"wp:featuredmedia":[{"embeddable":true,"href":"https:\/\/informe-anual-2022.mutualmedica.com\/wp-json\/wp\/v2\/media\/2905"}],"wp:attachment":[{"href":"https:\/\/informe-anual-2022.mutualmedica.com\/wp-json\/wp\/v2\/media?parent=2739"}],"curies":[{"name":"wp","href":"https:\/\/api.w.org\/{rel}","templated":true}]}}

<div style="height:50px" aria-hidden="true" class="wp-block-spacer"></div>



<p>La razón de ser del Programa Concienciar(Me) de la Fundación Mutual Médica es reinvertir los recursos en el colectivo, pero también en la sociedad en general.</p>



<p>A través del programa Concienciar(Me) promovemos 2 proyectos:</p>



<ul><li>Ayuda al médico con falta de recursos.</li><li>Asociación para la Vida Independiente (AVI).</li></ul>



<h4><strong>Ayuda al médico con falta de recursos</strong></h4>



<p>Desde hace 15 años colaboramos con la Fundación Ángel Soler Daniel, que presta ayuda económica a médicos con falta de medios económicos, problemas de salud o aislamiento familiar. También contribuimos a la <strong>concienciación social</strong> para fomentar la solidaridad entre el colectivo médico.</p>



<h4><strong>Asociación para la Vida Independiente</strong></h4>



<p>El Centro de Vida Independiente (CVI) presta servicio a personas mayores con dependencia o con alguna discapacidad, utilizando productos de apoyo y tecnología, para mejorar su calidad de vida, facilitando la autonomía y la seguridad en el hogar.</p>



<p>El Centro de Vida Independiente, creado por la Asociación de Vida Independiente (AVI) —fundada por Mutuam y Mutual Médica—, es un centro en el cual se analiza de manera individualizada cuáles son las dificultades que tiene cada persona para poder desarrollar las actividades básicas de la vida diaria y se le dan soluciones para poder superarlas.</p>



<p>Otras actividades que desarrolla la AVI son de formación a alumnos que cursan estudios en el área de los servicios sociales, charlas en centros de gente mayor, etc.</p>



<p>También colabora en la validación de proyectos de investigación que tratan de buscar mejoras en el ámbito de la teleasistencia, productos pensados para la gente mayor y otros servicios.</p>



<p>Además, como novedad, en septiembre de 2021, la Fundación Mutual Médica firmó un acuerdo con el Centro de Vida Independiente (CVI) para impulsar el programa de Adaptación Funcional del Hogar, con la realización de visitas virtuales a las viviendas de personas con dificultades en su autonomía, con el fin de detectar y proponer soluciones individualizadas para la adaptación funcional de la vivienda, sin coste alguno para nuestros mutualistas y familiares.</p>



<p>Esta iniciativa se mantuvo durante 2022.</p>



<div style="height:50px" aria-hidden="true" class="wp-block-spacer"></div>



<div class="wp-block-columns custom-col-fundacion">
<div class="wp-block-column">
<div class="wp-block-cover custom-cover" style="min-height:100px"><span aria-hidden="true" class="has-background-dim-0 wp-block-cover__gradient-background has-background-dim"></span><img loading="lazy" width="969" height="744" class="wp-block-cover__image-background wp-image-3011" alt="" src="https://informe-anual-2022.mutualmedica.com/wp-content/uploads/2023/05/ImpulsarME_ES.jpg" style="object-position:50% 50%" data-object-fit="cover" data-object-position="50% 50%" srcset="https://informe-anual-2022.mutualmedica.com/wp-content/uploads/2023/05/ImpulsarME_ES.jpg 969w, https://informe-anual-2022.mutualmedica.com/wp-content/uploads/2023/05/ImpulsarME_ES-480x369.jpg 480w" sizes="(min-width: 0px) and (max-width: 480px) 480px, (min-width: 481px) 969px, 100vw" /><div class="wp-block-cover__inner-container">
<figure class="wp-block-image size-full custom-image"><a href="https://informe-anual-2022.mutualmedica.com/es/la-fundacion/programa-impulsarme/"><img loading="lazy" width="969" height="744" src="https://informe-anual-2022.mutualmedica.com/wp-content/uploads/2023/05/ImpulsarME_Over_ES.jpg" alt="" class="wp-image-3064" srcset="https://informe-anual-2022.mutualmedica.com/wp-content/uploads/2023/05/ImpulsarME_Over_ES.jpg 969w, https://informe-anual-2022.mutualmedica.com/wp-content/uploads/2023/05/ImpulsarME_Over_ES-480x369.jpg 480w" sizes="(min-width: 0px) and (max-width: 480px) 480px, (min-width: 481px) 969px, 100vw" /></a></figure>
</div></div>



<div style="height:50px" aria-hidden="true" class="wp-block-spacer"></div>
</div>



<div class="wp-block-column">
<div class="wp-block-cover custom-cover" style="min-height:100px"><span aria-hidden="true" class="has-background-dim-0 wp-block-cover__gradient-background has-background-dim"></span><img loading="lazy" width="969" height="744" class="wp-block-cover__image-background wp-image-3083" alt="" src="https://informe-anual-2022.mutualmedica.com/wp-content/uploads/2023/05/CuidarME_ES-1.jpg" style="object-position:50% 50%" data-object-fit="cover" data-object-position="50% 50%" srcset="https://informe-anual-2022.mutualmedica.com/wp-content/uploads/2023/05/CuidarME_ES-1.jpg 969w, https://informe-anual-2022.mutualmedica.com/wp-content/uploads/2023/05/CuidarME_ES-1-480x369.jpg 480w" sizes="(min-width: 0px) and (max-width: 480px) 480px, (min-width: 481px) 969px, 100vw" /><div class="wp-block-cover__inner-container">
<figure class="wp-block-image size-full custom-image"><a href="https://informe-anual-2022.mutualmedica.com/es/la-fundacion/programa-cuidarme-nuestro-compromiso-con-la-salud-de-los-medicos/"><img loading="lazy" width="969" height="744" src="https://informe-anual-2022.mutualmedica.com/wp-content/uploads/2023/05/CuidarME_Over_ES.jpg" alt="" class="wp-image-3084" srcset="https://informe-anual-2022.mutualmedica.com/wp-content/uploads/2023/05/CuidarME_Over_ES.jpg 969w, https://informe-anual-2022.mutualmedica.com/wp-content/uploads/2023/05/CuidarME_Over_ES-480x369.jpg 480w" sizes="(min-width: 0px) and (max-width: 480px) 480px, (min-width: 481px) 969px, 100vw" /></a></figure>
</div></div>



<div style="height:50px" aria-hidden="true" class="wp-block-spacer"></div>
</div>



<div class="wp-block-column">
<div class="wp-block-cover custom-cover" style="min-height:100px"><span aria-hidden="true" class="has-background-dim-0 wp-block-cover__gradient-background has-background-dim"></span><img loading="lazy" width="969" height="744" class="wp-block-cover__image-background wp-image-3014" alt="" src="https://informe-anual-2022.mutualmedica.com/wp-content/uploads/2023/05/ConcienciarME_ES.jpg" style="object-position:50% 50%" data-object-fit="cover" data-object-position="50% 50%" srcset="https://informe-anual-2022.mutualmedica.com/wp-content/uploads/2023/05/ConcienciarME_ES.jpg 969w, https://informe-anual-2022.mutualmedica.com/wp-content/uploads/2023/05/ConcienciarME_ES-480x369.jpg 480w" sizes="(min-width: 0px) and (max-width: 480px) 480px, (min-width: 481px) 969px, 100vw" /><div class="wp-block-cover__inner-container">
<figure class="wp-block-image size-full custom-image"><a href="https://informe-anual-2022.mutualmedica.com/es/la-fundacion/programa-concienciarme-nuestro-compromiso-con-la-sociedad-y-las-personas/"><img loading="lazy" width="969" height="744" src="https://informe-anual-2022.mutualmedica.com/wp-content/uploads/2023/05/ConcienciarME_Over_ES.jpg" alt="" class="wp-image-3085" srcset="https://informe-anual-2022.mutualmedica.com/wp-content/uploads/2023/05/ConcienciarME_Over_ES.jpg 969w, https://informe-anual-2022.mutualmedica.com/wp-content/uploads/2023/05/ConcienciarME_Over_ES-480x369.jpg 480w" sizes="(min-width: 0px) and (max-width: 480px) 480px, (min-width: 481px) 969px, 100vw" /></a></figure>
</div></div>



<div style="height:50px" aria-hidden="true" class="wp-block-spacer"></div>
</div>
</div>



<div style="height:50px" aria-hidden="true" class="wp-block-spacer"></div>

<p>La razón de ser del Programa Concienciar(Me) de la Fundación Mutual Médica es reinvertir los recursos en el colectivo, pero también en la sociedad en general. A través del programa Concienciar(Me) promovemos 2 proyectos: Ayuda al médico con falta de recursos. Asociación para la Vida Independiente (AVI). Ayuda al médico con falta de recursos Desde [&hellip;]</p>
